?
19
Suppose 657*n + 5215 = 662*n. What is the remainder when n is divided by 95?
93
Let l(o) = 2*o**3 - 7*o**2 - 18*o + 19. What is the remainder when l(6) is divided by 51?
40
Let n(s) = -7*s - 1. Let w be n(-3). Suppose 0 = 5*j + w, 0*h + 3*h - 307 = -2*j. Calculate the remainder when 75 is divided by (-3)/(-2) - h/(-6).
18
Suppose 1054 = -4*k + 21*k. Calculate the remainder when 121 is divided by k.
59
Let f be 8*-4*(-20)/64. Let s(c) = -c + 0*c**2 + c**3 - 2*c**2 + f*c**2 - 10 - c. What is the remainder when s(-7) is divided by 14?
11
Suppose 0 = 24*n - 367 - 377. Calculate the remainder when 110 is divided by n.
17
Let h = 21 + -23. Let d be h/(4 - 15/4). Calculate the remainder when 15 is divided by (d/(-10))/(8/100).
5
Suppose 0*d - 6 = -2*d. Let t be 2/3*(-3)/(-2). Calculate the remainder when 5/t + (0 - -1) is divided by d.
0
Let o(g) = -207*g. Let r be o(-2). Suppose 5*x - r = -54. What is the remainder when x is divided by ((-22)/(-8) - 2) + (-145)/(-4)?
35
Suppose -7*d + 8 = -5*d. What is the remainder when 92 is divided by 13 - (3 - d - 1 - 1)?
12
Let z(m) = m**3 - 13*m**2 + m - 14. Let x be z(13). Let h be (-2)/(2/x - 0). What is the remainder when 186/21 - h/(-7) is divided by 5?
4
Let k = 30 + -39. Calculate the remainder when (-2)/(((-6)/(-208))/(k/6)) is divided by 21.
20
Let d(u) = -54*u + 881. Calculate the remainder when 165 is divided by d(15).
23
Suppose 3*x + 12510 = 12*x. Suppose 11*s - 1657 = x. Calculate the remainder when s is divided by 56.
53
Suppose -260 = -5*l + 5*y, -4*l - 4*y + 125 = -43. Suppose -l = -4*o + 161. What is the remainder when o is divided by 11?
8
Let q(r) = -2*r + 48. Let i be q(23). Suppose -2*n = -4*n. Suppose f = -5*d - 13, n*f + 5*f - i*d = 16. Calculate the remainder when f is divided by 1.
0
Let s = 84 + -82. Suppose 4*h + 16 = t - 0*t, s*t - 5*h = 44. Calculate the remainder when t is divided by 9.
5
Suppose 3*n = 8*n. Suppose -h - 13 = -n*h. Let c(l) = -l**2 - 13*l + 1. What is the remainder when 2 is divided by c(h)?
0
Calculate the remainder when 8/(-10) - (-7874)/155 is divided by 22.
6
Let b(h) = -h**2 + 9*h + 22. Let l = 25 - 16. What is the remainder when 87 is divided by b(l)?
21
Let t be 3/(-1) - -5 - 31. What is the remainder when (t - -7)/(4/(-14)) is divided by 5/(10/36) + 2?
17
Suppose 5*h + 3*c = 131, 4*h - 3*c + 31 = 5*h. What is the remainder when h is divided by 8?
1
Suppose -k = -16 + 10. Let o(f) = -2*f**3 + 12*f**2 + 8*f - 2. Let d(q) = q**2 - 3*q + 2. Calculate the remainder when o(k) is divided by d(5).
10
Let w(c) = -c**2 + 6*c + 30. Let j be w(9). What is the remainder when (89/j - 0) + (-3)/(-9) is divided by 11?
8
Let o(i) = 63 + 20*i + 19*i - 32*i. Let g = 5 + -2. Calculate the remainder when o(-8) is divided by g.
1
Let v be 5*-16 + (-3 - -3). Let j be (6/(-2))/(60/v). Suppose 5*k = -2*s + 6*s - 102, j*s + 3*k - 86 = 0. Calculate the remainder when s is divided by 12.
11
Suppose -3*r = -0*r - 9. Let j be 2*(-33)/(-18)*r. Let w(b) = -b**3 + 10*b**2 + 12*b + 4. What is the remainder when 27 is divided by w(j)?
12
Suppose 6*u - 4 - 146 = 0. Calculate the remainder when u - (3 + (-2 - 2)) is divided by 6.
2
Let g = -9 - -29. Suppose -4*u + 28 = -g. Calculate the remainder when 33 is divided by u.
9
Suppose -y = -4*y - 3*r + 93, 27 = 2*y - 5*r. What is the remainder when y is divided by 9?
8
Suppose -5*g = -5*j - 40, 3*g + j - 44 = -j. Suppose 10*i - g = 158. Calculate the remainder when 30 is divided by i.
13
Suppose x + 1566 = 5*z, 5*z + x - 938 = 2*z. Calculate the remainder when z is divided by 24.
1
Let x(t) = -t**3 + 7*t**2 + 23*t + 74. Let a = 14 - 9. Calculate the remainder when a is divided by x(10).
1
Let r(o) = o**3 - 8*o**2 + 12*o + 15. Let v(l) = l**2 + 3*l - 4. Let s be v(-5). What is the remainder when 57 is divided by r(s)?
12
Let l = -316 + 339. Calculate the remainder when 95 is divided by l.
3
Let d(y) = -23*y + 1. Suppose 313 + 317 = 2*j. Suppose 0*w - j = -7*w. What is the remainder when w is divided by d(-1)?
21
Let r(o) = -o**3 - 7*o**2 + 11*o + 9. Suppose 21*l + 27 = 24*l. Let b = l - -6. What is the remainder when r(-9) is divided by b?
12
Let x = -633 + 647. Calculate the remainder when 319 is divided by x.
11
Suppose -32 = -4*l + 2*l. Suppose 0 = -o - 11 + l. What is the remainder when 11 is divided by o?
1
Suppose 9*r + 6*r - 30 = 0. Suppose r*n - 116 = -2*n + 2*m, 0 = 3*n + m - 87. What is the remainder when n is divided by 6?
5
Calculate the remainder when 249 - (4 + (7 - (9 + -5))) is divided by 78.
8
Calculate the remainder when 129 is divided by ((-1035)/(-95) - 0) + 18/171.
8
Calculate the remainder when 373 is divided by (-13)/(-2)*(-16 - -6 - -12).
9
Let n = -71 - -75. Calculate the remainder when n is divided by 3.
1
Let r be 24/(-36) - 1/3. What is the remainder when ((-3)/r + -2)/((-6)/(-210)) is divided by 19?
16
What is the remainder when 25 is divided by ((-68)/(-8) - 9)*(-29 - 1)?
10
Suppose 3*q - 140 = 3*h + 40, -h - 123 = -2*q. What is the remainder when 754 is divided by q?
61
Suppose -w - 105 = -8*w. What is the remainder when 67 is divided by w?
7
Suppose 2*z = -2*q + 24, 3*z + 2 = -q + 16. Suppose -8 = 3*m - 161. What is the remainder when m is divided by q?
7
Suppose -3*h = -8 - 43. Calculate the remainder when 338 is divided by h.
15
Let p(v) = 4*v + 29. Let x be p(-12). Let k = x + 44. What is the remainder when 44 is divided by k?
19
What is the remainder when 279 is divided by (24 + (10 - 20))*5?
69
Suppose -2 = -3*t + 31. Suppose -15*n = -t*n - 188. Calculate the remainder when n is divided by 24.
23
Let l = -4 - -7. Suppose 0 = l*c - c + 5*i + 2, -c - 4 = 4*i. Suppose 0 = c*z - t - 82 - 7, 0 = -4*t + 12. Calculate the remainder when z is divided by 6.
5
Let m be -1 - (-2 - -2) - -4. Suppose 4*u - 3*h - 352 = 0, -2*h + 243 = m*u + h. Calculate the remainder when u is divided by 30.
25
Suppose -64 = -19*w + 18*w. Calculate the remainder when 99 is divided by w.
35
Let i(k) = -2*k**2 + 6*k + 7. Let c be i(6). Calculate the remainder when 88 is divided by (c + -1)*14/(-14).
28
Let t be 0 - 7 - (-1 + 1). Suppose 2*b - 3*p = 58, 4*p - 2*p - 58 = -2*b. Calculate the remainder when b is divided by (-114)/(-7) - (-2)/t.
13
Suppose -7*f - 115 = -12*f. Suppose 42 = -17*d + f*d. Calculate the remainder when 24 is divided by d.
3
Suppose 5*v = 4*f + 125, 1 = 2*f + 4*v + 31. Let z = -24 - f. What is the remainder when 6 is divided by z?
0
Suppose l + m + 15 = -4*m, l - 2*m = 13. Suppose -250 = -5*f - l*o, 2*o - 259 = -7*f + 2*f. Calculate the remainder when f is divided by 2.
1
Let n(y) = -y**3 - 13*y**2 - 10*y + 38. What is the remainder when 55 is divided by n(-12)?
13
Let l = -36 + 40. Suppose l*q + 59 = 187. Calculate the remainder when q is divided by 31.
1
Let q(l) = -14*l + 5. Let u(n) = -n. Let m(a) = q(a) - 3*u(a). Calculate the remainder when 78 is divided by m(-1).
14
Let p = 175 - 163. What is the remainder when 141 is divided by p?
9
Let s(w) = -w**2 + 16*w + 7. Suppose 8*q + 31 = 9*q. Calculate the remainder when q is divided by s(16).
3
Suppose -8*t = -17*t + 45. What is the remainder when -1*3 + t + 53 is divided by 4?
3
Let u be 1/3 + 2530/33. Suppose -5*c - 3*d = -u, -5*d + 43 = -0*c + 3*c. What is the remainder when 44 is divided by c?
12
Suppose 0 = -4*z - 2*t + 36, t - 36 = 9*z - 13*z. Calculate the remainder when z is divided by 7.
2
Let u(p) = -2*p - 11. Suppose 0 = -2*w - q - 13, 2*w = -5*q - 10 + 1. Let n(v) = -v**2 + 3*v + 3. Calculate the remainder when u(w) is divided by n(3).
0
Suppose -14*m - 38 = -16*m. Suppose -15 = -m*k + 14*k. What is the remainder when 41 is divided by (1 - -2) + 11 - k?
8
Let h(t) be the first derivative of -t**2 + 67*t - 24. Calculate the remainder when h(-20) is divided by 27.
26
Suppose -5*j - 486 = -2*i, 712 = 3*i - 4*j + 5*j. Calculate the remainder when i is divided by 9.
4
Suppose -12 = 3*i - 6*i, -2*m - 3*i = -52. Calculate the remainder when 577 is divided by m.
17
Suppose -3*h = 12, -h - 20 = -2*c - 6. What is the remainder when (-6)/(-27) - 284/(-18) is divided by c?
1
Let k(i) = -i**3 + 3*i**2 - 2*i. Let c be k(1). Suppose c = -2*b - b + 189. What is the remainder when b is divided by 23?
17
Calculate the remainder when (15/10)/(21/140) is divided by 2.
0